{"id":1578,"date":"2016-01-08T13:33:24","date_gmt":"2016-01-08T12:33:24","guid":{"rendered":"http:\/\/p276121.mittwaldserver.info\/?page_id=1578"},"modified":"2017-03-15T17:28:52","modified_gmt":"2017-03-15T16:28:52","slug":"ueber-den-weinshop","status":"publish","type":"page","link":"https:\/\/www.weindirekt.com\/weinshop\/","title":{"rendered":"Der WEIN:DIREKT Weinshop &#8211; Shop und Homepage aus einem Guss"},"content":{"rendered":"<p><img loading=\"lazy\" decoding=\"async\" class=\"alignnone wp-image-1716 size-full\" src=\"https:\/\/www.weindirekt.com\/weinshop\/wp-content\/uploads\/sites\/2\/2016\/01\/weinshop1.jpg\" alt=\"\" width=\"1390\" height=\"130\" srcset=\"https:\/\/www.weindirekt.com\/weinshop\/wp-content\/uploads\/sites\/2\/2016\/01\/weinshop1.jpg 1390w, https:\/\/www.weindirekt.com\/weinshop\/wp-content\/uploads\/sites\/2\/2016\/01\/weinshop1-300x28.jpg 300w, https:\/\/www.weindirekt.com\/weinshop\/wp-content\/uploads\/sites\/2\/2016\/01\/weinshop1-768x72.jpg 768w, https:\/\/www.weindirekt.com\/weinshop\/wp-content\/uploads\/sites\/2\/2016\/01\/weinshop1-1024x96.jpg 1024w\" sizes=\"auto, (max-width: 1390px) 100vw, 1390px\" \/><\/p>\n<p>&nbsp;<\/p>\n<h2>Professionelles Online-Shopping f\u00fcr Weing\u00fcter!<\/h2>\n<p>Seit 20 Jahren kennen wir die W\u00fcnsche unserer Kunden. Als Weinmarketing-Spezialist ist die Vermarktung Ihres Weines unser Focus. Vermarktung findet zunehmend im Internet statt, und das gilt auch f\u00fcr Wein mehr denn je. Der Online-Handel ist zu einem echten Umsatztr\u00e4ger f\u00fcr Weing\u00fcter geworden.<\/p>\n<p>Doch technisch moderne L\u00f6sungen f\u00fcr den Online-Weinverkauf, die auch optisch Ihren Anspr\u00fcchen gen\u00fcgen, sind rar ges\u00e4t. So funktionieren viele Produkte im Markt nicht oder nur eingeschr\u00e4nkt auf mobilen Ger\u00e4ten, die jedoch heute schon \u00fcber 50% aller Internetzugriffe ausmachen (Quelle: Google.com)<\/p>\n<p>Der WEIN:DIREKT Weinshop schlie\u00dft diese L\u00fccke und erm\u00f6glicht es Ihnen, Ihren Kunden einen funktionalen Weinshop in ansprechendem Design und ein zeitgem\u00e4\u00dfes Einkaufserlebnis zu bieten.<\/p>\n<p>&nbsp;<\/p>\n<div class=\"row\">\n<div class=\"col col_1_of_3\"><img loading=\"lazy\" decoding=\"async\" class=\"alignnone wp-image-1687 size-full\" src=\"https:\/\/www.weindirekt.com\/weinshop\/wp-content\/uploads\/sites\/2\/2016\/03\/weinshop2.jpg\" alt=\"\" width=\"450\" height=\"300\" srcset=\"https:\/\/www.weindirekt.com\/weinshop\/wp-content\/uploads\/sites\/2\/2016\/03\/weinshop2.jpg 450w, https:\/\/www.weindirekt.com\/weinshop\/wp-content\/uploads\/sites\/2\/2016\/03\/weinshop2-300x200.jpg 300w\" sizes=\"auto, (max-width: 450px) 100vw, 450px\" \/><\/div>\n<div class=\"col col_1_of_3\"><img loading=\"lazy\" decoding=\"async\" class=\"alignnone wp-image-1688 size-full\" src=\"https:\/\/www.weindirekt.com\/weinshop\/wp-content\/uploads\/sites\/2\/2016\/03\/weinshop3.jpg\" alt=\"\" width=\"450\" height=\"300\" srcset=\"https:\/\/www.weindirekt.com\/weinshop\/wp-content\/uploads\/sites\/2\/2016\/03\/weinshop3.jpg 450w, https:\/\/www.weindirekt.com\/weinshop\/wp-content\/uploads\/sites\/2\/2016\/03\/weinshop3-300x200.jpg 300w\" sizes=\"auto, (max-width: 450px) 100vw, 450px\" \/><\/div>\n<div class=\"col col_1_of_3\"><img loading=\"lazy\" decoding=\"async\" class=\"alignnone wp-image-1689 size-full\" src=\"https:\/\/www.weindirekt.com\/weinshop\/wp-content\/uploads\/sites\/2\/2016\/03\/weinshop4.jpg\" alt=\"\" width=\"450\" height=\"300\" srcset=\"https:\/\/www.weindirekt.com\/weinshop\/wp-content\/uploads\/sites\/2\/2016\/03\/weinshop4.jpg 450w, https:\/\/www.weindirekt.com\/weinshop\/wp-content\/uploads\/sites\/2\/2016\/03\/weinshop4-300x200.jpg 300w\" sizes=\"auto, (max-width: 450px) 100vw, 450px\" \/><\/div>\n<\/div>\n","protected":false},"excerpt":{"rendered":"<p>&nbsp; Professionelles Online-Shopping f\u00fcr Weing\u00fcter! Seit 20 Jahren kennen wir die W\u00fcnsche unserer Kunden. Als Weinmarketing-Spezialist ist die Vermarktung Ihres Weines unser Focus. Vermarktung findet zunehmend im Internet statt, und das gilt auch f\u00fcr Wein mehr denn je. Der Online-Handel ist zu einem echten Umsatztr\u00e4ger f\u00fcr Weing\u00fcter geworden. Doch technisch moderne L\u00f6sungen f\u00fcr den Online-Weinverkauf, [&hellip;]<\/p>\n","protected":false},"author":8,"featured_media":0,"parent":0,"menu_order":0,"comment_status":"closed","ping_status":"closed","template":"","meta":{"footnotes":""},"class_list":["post-1578","page","type-page","status-publish","hentry"],"_links":{"self":[{"href":"https:\/\/www.weindirekt.com\/weinshop\/wp-json\/wp\/v2\/pages\/1578","targetHints":{"allow":["GET"]}}],"collection":[{"href":"https:\/\/www.weindirekt.com\/weinshop\/wp-json\/wp\/v2\/pages"}],"about":[{"href":"https:\/\/www.weindirekt.com\/weinshop\/wp-json\/wp\/v2\/types\/page"}],"author":[{"embeddable":true,"href":"https:\/\/www.weindirekt.com\/weinshop\/wp-json\/wp\/v2\/users\/8"}],"replies":[{"embeddable":true,"href":"https:\/\/www.weindirekt.com\/weinshop\/wp-json\/wp\/v2\/comments?post=1578"}],"version-history":[{"count":3,"href":"https:\/\/www.weindirekt.com\/weinshop\/wp-json\/wp\/v2\/pages\/1578\/revisions"}],"predecessor-version":[{"id":2312,"href":"https:\/\/www.weindirekt.com\/weinshop\/wp-json\/wp\/v2\/pages\/1578\/revisions\/2312"}],"wp:attachment":[{"href":"https:\/\/www.weindirekt.com\/weinshop\/wp-json\/wp\/v2\/media?parent=1578"}],"curies":[{"name":"wp","href":"https:\/\/api.w.org\/{rel}","templated":true}]}}