{"id":2428,"date":"2017-03-16T09:51:55","date_gmt":"2017-03-16T08:51:55","guid":{"rendered":"https:\/\/www.weindirekt.com\/weinshop\/shop\/roseweine\/dornfelder-weissherbst-2\/"},"modified":"2025-01-03T11:34:29","modified_gmt":"2025-01-03T10:34:29","slug":"dornfelder-weissherbst-2","status":"publish","type":"product","link":"https:\/\/www.weindirekt.com\/weinshop\/shop\/roseweine\/dornfelder-weissherbst-2\/","title":{"rendered":"Dornfelder Wei\u00dfherbst"},"content":{"rendered":"","protected":false},"excerpt":{"rendered":"<p><strong>Fruchtig, Harmonsich, Unkompliziert<\/strong><\/p>\n<p>Dieser Dornfelder Wei\u00dfherbst Halbtrocken ist ein unkomplizierter, frischer Genuss, der mit seiner lebendigen Frucht und dezenten S\u00fc\u00dfe \u00fcberzeugt. Im Glas zeigt er sich in einem zarten Ros\u00e9, das an den fr\u00fchen Morgenhimmel erinnert.<\/p>\n<p>Die Nase wird von einladenden Aromen von Erdbeeren, Himbeeren und reifen Kirschen begleitet, erg\u00e4nzt durch einen Hauch von roten Bl\u00fcten und einer leichten W\u00fcrze. Diese fruchtige Kombination macht Lust auf den ersten Schluck.<\/p>\n<p>Am Gaumen pr\u00e4sentiert sich der Dornfelder Wei\u00dfherbst halbtrocken fein und harmonisch. Die frische Fruchts\u00fc\u00dfe wird perfekt durch eine angenehme S\u00e4ure unterst\u00fctzt, was dem Wein eine lebendige Struktur verleiht. Der Abgang ist saftig, mit einer subtilen Frische, die den Wein zu einem leicht zug\u00e4nglichen und erfrischenden Erlebnis macht.<\/p>\n","protected":false},"featured_media":1967,"comment_status":"open","ping_status":"closed","template":"","meta":[],"product_brand":[],"product_cat":[96],"product_tag":[74,90],"class_list":{"0":"post-2428","1":"product","2":"type-product","3":"status-publish","4":"has-post-thumbnail","6":"product_cat-roseweine","7":"product_tag-74","8":"product_tag-rose","10":"first","11":"instock","12":"taxable","13":"shipping-taxable","14":"purchasable","15":"product-type-variable"},"_links":{"self":[{"href":"https:\/\/www.weindirekt.com\/weinshop\/wp-json\/wp\/v2\/product\/2428","targetHints":{"allow":["GET"]}}],"collection":[{"href":"https:\/\/www.weindirekt.com\/weinshop\/wp-json\/wp\/v2\/product"}],"about":[{"href":"https:\/\/www.weindirekt.com\/weinshop\/wp-json\/wp\/v2\/types\/product"}],"replies":[{"embeddable":true,"href":"https:\/\/www.weindirekt.com\/weinshop\/wp-json\/wp\/v2\/comments?post=2428"}],"wp:featuredmedia":[{"embeddable":true,"href":"https:\/\/www.weindirekt.com\/weinshop\/wp-json\/wp\/v2\/media\/1967"}],"wp:attachment":[{"href":"https:\/\/www.weindirekt.com\/weinshop\/wp-json\/wp\/v2\/media?parent=2428"}],"wp:term":[{"taxonomy":"product_brand","embeddable":true,"href":"https:\/\/www.weindirekt.com\/weinshop\/wp-json\/wp\/v2\/product_brand?post=2428"},{"taxonomy":"product_cat","embeddable":true,"href":"https:\/\/www.weindirekt.com\/weinshop\/wp-json\/wp\/v2\/product_cat?post=2428"},{"taxonomy":"product_tag","embeddable":true,"href":"https:\/\/www.weindirekt.com\/weinshop\/wp-json\/wp\/v2\/product_tag?post=2428"}],"curies":[{"name":"wp","href":"https:\/\/api.w.org\/{rel}","templated":true}]}}