{"id":2620,"date":"2017-03-16T11:46:51","date_gmt":"2017-03-16T10:46:51","guid":{"rendered":"https:\/\/www.weindirekt.com\/weinshop\/shop\/roseweine\/portugieser-weissherbst\/"},"modified":"2025-01-03T11:11:27","modified_gmt":"2025-01-03T10:11:27","slug":"portugieser-weissherbst","status":"publish","type":"product","link":"https:\/\/www.weindirekt.com\/weinshop\/shop\/roseweine\/portugieser-weissherbst\/","title":{"rendered":"Portugieser Wei\u00dfherbst"},"content":{"rendered":"","protected":false},"excerpt":{"rendered":"<p>Dieser halbtrockene Portugieser Wei\u00dfherbst begeistert mit seiner zarten Farbe und seinem fruchtigen Charakter. Im Glas schimmert er in einem leuchtenden Lachsrosa \u2013 ein echter Hingucker.<\/p>\n<p>Die Nase wird von feinen Aromen von Erdbeere, Himbeere und einem Hauch von roter Johannisbeere verw\u00f6hnt. Eine leichte florale Note, gepaart mit einem Hauch von Zitrus, sorgt f\u00fcr Frische und Eleganz.<\/p>\n<p>Am Gaumen ist der Wei\u00dfherbst angenehm leicht und harmonisch. Die halbtrockene Ausbauweise unterstreicht die Fruchtigkeit, w\u00e4hrend eine dezente S\u00e4ure f\u00fcr Lebendigkeit sorgt. Der Abgang ist weich, saftig und macht Lust auf mehr.<\/p>\n","protected":false},"featured_media":1967,"comment_status":"open","ping_status":"closed","template":"","meta":[],"product_brand":[],"product_cat":[96],"product_tag":[74,90],"class_list":{"0":"post-2620","1":"product","2":"type-product","3":"status-publish","4":"has-post-thumbnail","6":"product_cat-roseweine","7":"product_tag-74","8":"product_tag-rose","10":"first","11":"instock","12":"taxable","13":"shipping-taxable","14":"purchasable","15":"product-type-variable"},"_links":{"self":[{"href":"https:\/\/www.weindirekt.com\/weinshop\/wp-json\/wp\/v2\/product\/2620","targetHints":{"allow":["GET"]}}],"collection":[{"href":"https:\/\/www.weindirekt.com\/weinshop\/wp-json\/wp\/v2\/product"}],"about":[{"href":"https:\/\/www.weindirekt.com\/weinshop\/wp-json\/wp\/v2\/types\/product"}],"replies":[{"embeddable":true,"href":"https:\/\/www.weindirekt.com\/weinshop\/wp-json\/wp\/v2\/comments?post=2620"}],"wp:featuredmedia":[{"embeddable":true,"href":"https:\/\/www.weindirekt.com\/weinshop\/wp-json\/wp\/v2\/media\/1967"}],"wp:attachment":[{"href":"https:\/\/www.weindirekt.com\/weinshop\/wp-json\/wp\/v2\/media?parent=2620"}],"wp:term":[{"taxonomy":"product_brand","embeddable":true,"href":"https:\/\/www.weindirekt.com\/weinshop\/wp-json\/wp\/v2\/product_brand?post=2620"},{"taxonomy":"product_cat","embeddable":true,"href":"https:\/\/www.weindirekt.com\/weinshop\/wp-json\/wp\/v2\/product_cat?post=2620"},{"taxonomy":"product_tag","embeddable":true,"href":"https:\/\/www.weindirekt.com\/weinshop\/wp-json\/wp\/v2\/product_tag?post=2620"}],"curies":[{"name":"wp","href":"https:\/\/api.w.org\/{rel}","templated":true}]}}