{"id":3249,"date":"2017-03-16T16:21:21","date_gmt":"2017-03-16T15:21:21","guid":{"rendered":"https:\/\/www.weindirekt.com\/weinshop\/shop\/edelsuesse-weine\/gewuerztraminer-eiswein-2\/"},"modified":"2025-01-02T10:25:00","modified_gmt":"2025-01-02T09:25:00","slug":"gewuerztraminer-eiswein-2","status":"publish","type":"product","link":"https:\/\/www.weindirekt.com\/weinshop\/shop\/edelsuesse-weine\/gewuerztraminer-eiswein-2\/","title":{"rendered":"Gew\u00fcrztraminer Eiswein"},"content":{"rendered":"","protected":false},"excerpt":{"rendered":"<p>Der Gew\u00fcrztraminer Eiswein ist ein echtes Juwel unter den edels\u00fc\u00dfen Weinen, der durch seine intensive Aromatik und au\u00dfergew\u00f6hnliche Eleganz besticht. Im Glas schimmert er in einem leuchtenden Goldton, der an fl\u00fcssigen Bernstein erinnert. Gelesen bei Minus 7 Grad ist er ein ganz besonderer Wein<\/p>\n<p>Das Bouquet dieses besonderen Weins ist ein Feuerwerk der Sinne: Opulente Aromen von Rosenbl\u00e4ttern, Litschi und Honigmelone entfalten sich, begleitet von Nuancen von tropischen Fr\u00fcchten wie Mango und Ananas. Ein feiner Hauch von Gew\u00fcrzen \u2013 Muskat und Nelke \u2013 sowie florale Akzente machen das Duftbild unverkennbar.<\/p>\n<p>Am Gaumen offenbart der Gew\u00fcrztraminer Eiswein eine au\u00dfergew\u00f6hnliche Konzentration und eine verf\u00fchrerische S\u00fc\u00dfe, die von einer lebendigen, gut eingebundenen S\u00e4ure perfekt ausbalanciert wird. Die samtige Textur tr\u00e4gt die intensiven Fruchtnoten, die von Aprikose und kandierten Zitrusfr\u00fcchten bis hin zu Akzenten von Honig und Vanille reichen. Der Abgang ist langanhaltend und voller Finesse, mit einem unvergesslichen Nachklang von floraler W\u00fcrze und Fruchtigkeit.<\/p>\n","protected":false},"featured_media":1970,"comment_status":"open","ping_status":"closed","template":"","meta":[],"product_brand":[],"product_cat":[123],"product_tag":[146,119],"class_list":{"0":"post-3249","1":"product","2":"type-product","3":"status-publish","4":"has-post-thumbnail","6":"product_cat-edelsuesse-weine","7":"product_tag-146","8":"product_tag-edelsuess","10":"first","11":"instock","12":"taxable","13":"shipping-taxable","14":"purchasable","15":"product-type-simple"},"_links":{"self":[{"href":"https:\/\/www.weindirekt.com\/weinshop\/wp-json\/wp\/v2\/product\/3249","targetHints":{"allow":["GET"]}}],"collection":[{"href":"https:\/\/www.weindirekt.com\/weinshop\/wp-json\/wp\/v2\/product"}],"about":[{"href":"https:\/\/www.weindirekt.com\/weinshop\/wp-json\/wp\/v2\/types\/product"}],"replies":[{"embeddable":true,"href":"https:\/\/www.weindirekt.com\/weinshop\/wp-json\/wp\/v2\/comments?post=3249"}],"wp:featuredmedia":[{"embeddable":true,"href":"https:\/\/www.weindirekt.com\/weinshop\/wp-json\/wp\/v2\/media\/1970"}],"wp:attachment":[{"href":"https:\/\/www.weindirekt.com\/weinshop\/wp-json\/wp\/v2\/media?parent=3249"}],"wp:term":[{"taxonomy":"product_brand","embeddable":true,"href":"https:\/\/www.weindirekt.com\/weinshop\/wp-json\/wp\/v2\/product_brand?post=3249"},{"taxonomy":"product_cat","embeddable":true,"href":"https:\/\/www.weindirekt.com\/weinshop\/wp-json\/wp\/v2\/product_cat?post=3249"},{"taxonomy":"product_tag","embeddable":true,"href":"https:\/\/www.weindirekt.com\/weinshop\/wp-json\/wp\/v2\/product_tag?post=3249"}],"curies":[{"name":"wp","href":"https:\/\/api.w.org\/{rel}","templated":true}]}}